10))) + -6.
4
What is the value of -6 + (36 - 7) + -12?
11
What is the value of 10 - ((0 - -9) + -4) - (6 - 4)?
3
Evaluate -320 + 315 + 2 + -1 + 23.
19
-21 + (-20 + 41 - 12)
-12
What is the value of -4 - (-7 + (4 - -6)) - (-6 + 2)?
-3
Evaluate (5 - 34) + 19 - (2 - 1).
-11
What is (-1 - 1) + (-29 - 30) + 29?
-32
-5 - (-9 - (4 + 6 - 21))
-7
What is the value of 4 + -2 + 9 - (0 + -11)?
22
What is the value of -102 + 111 + 1 + 2?
12
Calculate 362 + -345 - (-1 - -35).
-17
What is the value of -19 + (-6 - (22 - 40))?
-7
(-1 - ((-1 - 3) + 2)) + (4 - 4)
1
Calculate -4 + -17 + (-5 + -2 + 9 - 1).
-20
(3 - 8) + 0 + 6 + 28 + -16
13
1 + -18 + (0 - (-3 + 5)) + 10
-9
8 + 8 + (-18 - -9 - 4)
3
What is the value of (8 - (9 - (11 + -5))) + -10 + 5?
0
-6 + -7 + -8 - -36
15
What is -3 + (-10 - -1 - -23)?
11
Evaluate -31 + 11 + -6 - -12.
-14
Calculate 13 + -4 + (19 + -17 - (1 - -2)).
8
What is -11 + (10 - (3 - -18) - -8)?
-14
(59 - 25) + -57 - 3
-26
(0 - 1) + 5 + 11 + 6 + -22
-1
(-4 - (-10 - 2)) + 5 - 10
3
What is the value of -3 + 2 + 30 - (27 - (53 + -27))?
28
Calculate 8 + -3 - (25 + 4 + -8).
-16
What is (2 - 11) + (-16 + 36 + -10 - 19)?
-18
(-16 - (-1 - (-2 + 7))) + (1 - -4)
-5
(126 - 131) + (24 - 1)
18
What is the value of (15 - -4 - 32) + 1 + -10?
-22
What is the value of -1 + -21 - (176 - 218)?
20
What is -232 + 238 - (-3 - -1) - (1 - 10)?
17
Evaluate (5 - (-7 + 35)) + 38.
15
-10 + 21 + -10 + -1 + (7 - -1)
8
Evaluate 0 + 14 + 10 + -16.
8
Calculate 0 + -8 + -3 + (50 - 21).
18
What is (-17 - -3 - -4) + 12 - 22?
-20
Calculate (-11 + 3 - -11 - 2) + -4.
-3
Evaluate -4 + 1 - (3 + 1 - 8).
1
2 - ((3 - 1) + -34 + 11 + 17)
6
What is the value of (-12 - -18 - (2 + 0)) + 1 - 2?
3
-1 + 20 - (-1 + 16)
4
Calculate -12 + -18 + -30 + 55.
-5
What is the value of 0 - 12 - (-2 + 8 + 19 + -31)?
-6
Calculate -20 + 4 - (-6 - 5).
-5
What is the value of -6 - (-20 + 8 + -1) - 31?
-24
What is 0 + -4 + (-8 - -10) + 2 + -4?
-4
What is -15 + -1 + 308 + -291 + (4 - 1)?
4
What is -13 - -2 - (-23 - (-17 - -28))?
23
Evaluate -13 - (14 - (-1 + 12 - 1)).
-17
What is the value of 13 + (-5 + (-18 - -18) - -5)?
13
What is 13 - (-8 + -4 + 3)?
22
Evaluate (-14 - -4) + 4 + -4 + -13.
-23
96 - 106 - (9 + -3 - 15)
-1
What is -5 + (-5 + (4 - 5) - (29 - 34))?
-6
-9 - (-99 - -42) - 19
29
-48 + 101 - 60 - (-1 - 27)
21
Evaluate (16 - 0) + 187 + -195.
8
What is 3 - (-6 + 19 + -1 - -5) - -2?
-12
What is -3 - 3 - ((-13 - 5) + 4) - 29?
-21
What is (16 - (3 - 5)) + -25 - (-2 + 0)?
-5
-4 + (-1 - -12) + -15
-8
Evaluate 1 - (3 - 1) - 11 - (-6529 - -6534).
-17
What is -11 - (23 - 29 - (-10 - 7))?
-22
What is (2 - 9 - 3) + 9?
-1
Calculate 2 + 21 - (1 + 1 + 0 + 5).
16
What is -2 - -14 - (4 - 2) - (-30 + 44)?
-4
What is 78 - 83 - (0 + 1 - 2 - -3)?
-7
What is 1 - (-7 + (0 - -6)) - (36 + -3)?
-31
What is the value of (5 - (-1 + (8 - (-5 + 6)))) + 3?
2
What is the value of 12 - (-16 + -3 + 20) - 13?
-2
What is -9 + -4 + 16 + 4 + (0 - 20)?
-13
Calculate 1 - (1 + -5) - (12 + -6 + -10).
9
What is the value of 17 - (24 - (5 - -21))?
19
Evaluate -12 + 6 - 0 - -14 - -1.
9
(26 - -10 - 27) + -43 + -3 + 1
-36
What is the value of 14 + -29 + 21 + -1 + -1?
4
Calculate 25 + (0 - 14) + (-23 - -18).
6
What is 24 - ((7 - -12 - 15) + -11)?
31
What is 2 - (3 + -7 - (1 - 0 - 21))?
-14
11 - (17 + -17 + 16)
-5
Calculate -3 + (9 - (6 + -9)) - 7.
2
Calculate -6 + (-6 - -7) - (1 + 7).
-13
Evaluate ((8 - 3) + (2 - 4) - -6) + 4.
13
Evaluate (-8 - 0) + (5 - -19 - 18).
-2
What is 13 + 5 + 15 + -14 + -3?
16
Calculate -5 - ((-109 - -122) + (-13 - -2)).
-7
Evaluate -39 + 0 - (-131 - -120).
-28
Calculate -7 + (-4 - -2) + 8 + -1 + 6.
4
What is 0 - ((-13 - -11) + 10 + -1)?
-7
Calculate 15 + -4 + -3 + -2 + -12 + 11.
5
What is 9 + 33 + (-111 - -40)?
-29
What is (14 - 0) + -2 + -10 + 9?
11
What is 548 - 568 - ((2 - 3) + -2 + -1)?
-16
Evaluate 122 - 128 - (-3 + (-9 - 1) - -2).
5
Calculate 17 + 6 + -20 - -8.
11
9 - (23 + (-4 - 6))
-4
What is (176 - 158) + -17 + 2?
3
What is 1 + 19 - ((38 - -10) + -44)?
16
Evaluate 193 - 177 - ((-4 - -11) + -5).
14
What is the value of 2 + -4 - (-222 - -205)?
15
Calculate 30 - (-3 - -29) - -16.
20
Calculate (8 - 6 - 18) + (3 - 3).
-16
5 - 4 - (-30 - -20)
11
What is the value of (-2 - -1) + 12 + 12 + -17?
6
Calculate (-6 - -2) + 23 - (-14 + 19).
14
What is the value of (1 - -2 - 3) + 2 + 4 + -6?
0
Evaluate 10 - (45 + -45 - (-8 + 1 + -2)).
1
What is the value of 63 - (7 - (7 + -43))?
20
What is the value of (1 - 1) + (-26 - -2) + 27 - -3?
6
What is -14 + -5 + 3 + (15 - 6)?
-7
15 + 11 + -6 - 6
14
What is the value of 14 - (-7 + 26 + -15)?
10
(5 - 9) + -2 - (5 + -3 + 1)
-9
What is the value of -5 + (4 - 1) + -3 + 22 + -7?
10
9 + -1 - (8 + -6 + -8 - -4)
10
Evaluate 4 - (-17 + 24 + 0 + -1).
-2
(-8 - -20) + -35 + 13
-10
Calculate -12 + 12 + 31 + -13.
18
Calculate -4 + -12 + 3 + (-33 - -43) + -29.
-32
What is -9 + 22 + 11 - 9?
15
What is -7 - (0 + -10 - (26 - 27))?
2
What is the value of 3 - (-8 + 12) - (0 + -9)?
8
Evaluate -3 + 2 + -1 + 7 + -2 + 9.
12
Evaluate 2 - 4 - -32 - (34 - (-12 + 45)).
29
What is the value of 27 + -18 - (-1 + 4) - (-14 + 8)?
12
Evaluate -8 + (-3 - -5) + -3 + 2.
-7
Evaluate (-9 - -4) + 7 + 11 + (-8 - -1).
6
What is (-12 - -4) + 34 - 13 - 17?
-4
What is (9 - 7) + -22 - -39?
19
Calculate 1 + (0 - 2) + 29 - (-1348 + 1343).
33
Evaluate -17 + -2 + -52 + 61.
-10
What is -4 + (8 - (-4 + -1)) + (-11 - -4)?
2
Calculate -19 - (3 - (83 - 30)).
31
What is the value of 10 - (10 + -19 + 11)?
8
What is the value of -6 + -33 + 51 + 2 + -8?
6
Calculate -6 + 10 + -9 - 0.
-5
What is the value of -8 - (-19 + -9 + (16 - -8))?
-4
Calculate (17 - 0) + -3 + (12 - 3 - 10).
13
What is the value of (-40 - (6 - 14)) + 19?
-13
What is the value of 5 + 1 - (-18 - (26 + -50))?
0
What is the value of -24 + 22 - (2 + -5) - 6?
-5
Evaluate -1 - 14 - (109 + -122).
-2
What is 17 - 6 - (-16 - (-33 - -13))?
7
What is -2 - (-17 - (-4 - (-8 + 7)) - -9)?
3
Evaluate (8 - 17 - 7) + 26.
10
-1 + 8 + -3 + -3 + 9 - 6
4
-9 + (-43 - -24 - (5 + (-14 - -5)))
-24
Calculate (-13 + 1 + 4 - (44 - 48)) + 20.
16
What is -8 + -14 + (34 - -6)?
18
What is (1 - 2 - (-11 + 7 + -4)) + 5?
12
What is 29 - (-35 + 62 - 31)?
33
Evaluate 3 - 5 - ((-10 - -5) + 1 + 1).
1
What is 8 + (16 - 26) + 11 - 16?
-7
What is 0 - -4 - (49 - (8 - -46))?
9
Calculate 21 - ((32 - 20) + (-4 - (5 + 1))).
19
What is (0 - 1) + -138 + 130 + 2?
-7
What is 10 - (-5 - (-3 - (1 - -1)) - 7)?
17
What is the value of -5 - (-2 - 5 - ((26 - 7) + -9))?
12
Calculate -3 - (-3 - (2 + -9) - (-40 - -35)).
-12
What is the value of -26 + 1 + -6 + -8 + 23?
-16
Evaluate (-3 - 9) + -16 + 38.
10
Calculate 1 - (-23 + -7 + 14).
17
Calculate -10 - (3 - -3 - 11) - -2.
-3
Evaluate (19 + (6 - 9) - -4) + 12.
32
Calculate -47 - ((-75 - -34) + 21).
-27
Evaluate 1 + (7 - (15 + -4)) + -1.
-4
What is 1 + (3 - -13) + -13 + (-4 - 2)?
-2
Evaluate 9 - (11 + 0) - -1.
-1
0 - (8 - (77 + -71 - (-2 - -12)))
-12
What is the value of -18 - (5 + -25) - (-3 + 17)?
-12
(3 - (11 + 8)) + 2
-14
What is 5 - (-1 + 0) - (-31 + 33 + -2)?
6
Calculate 5 + -12 + (2 + -1 - -7).
1
45 - (58 + -35 + -3)
25
Evaluate -70 - (-36 + 36 - 36).
-34
Evaluate -75 + 57 + (3 - 1 - -7).
-9
Evaluate -29 - (-36 - 22) - 45.
-16
Evaluate 5 + 10 - (4 - 5).
16
6 - (2 - 3 - (7 + -10 + -5))
-1
Evaluate (3 - (-1 - 15)) + (518 - 551).
-14
Calculate (-10 - -5) + (-11 - -27).
11
What is the value of 0 + -3 - (30 + -8 - 21)?
-4
Calculate (28 - 28) + (0 + -3 - -8) + -16.
-11
What is the value of 3 + 2 - (-11 + -16 + 39)?
-7
Evaluate (49 - 0) + 135 + -165.
19
What is the value of 13 - -2 - (-19 + 27)?
7
What is the value of (-3 - (4 + -4 - -1)) + (4 - -6)?
6
Calculate -46 + -3 - (-121 - -93).
-21
Evaluate -2 + -10 + -62 + (28 - -75).
29
What is the value of -11 - (-23 + 2 - -1)?
9
What is -309 - -339 - (1 - (1 - 10))?
20
20 + (-35 - -22) + 6
13
Calculate 14 + (0 - (3 - 1)) + 7.
19
Calculate 2 + 2 + -5 - (-8 + 20 - 41).
28
Calculate (9 - 7) + 14 - (-41 - -25).
32
Evaluate 5 + 2 + 5 + -9.
3
-7 + 1 - (-2 + -1 - -1 - 0)
-4
13 + (6 - (6 + 9) - -10)
14
What is 14 + -36 + (22 - (7 - -3))?
-10
Calculate -2 - (-3 + -4 - 8) - (16 - 22).
19
What is (1 - 16) + (2 - (-1 + -5 - -2))?
-9
Calculate 32 + -26 - (-3 + 15).
-6
Calculate (-12 - 0) + -22 + 24 - -13.
3
What is -1 + 3 + (-26 + 25 - (3 - -8